{"id":72,"date":"2020-10-17T14:35:09","date_gmt":"2020-10-17T12:35:09","guid":{"rendered":"https:\/\/www.ro.vet\/?page_id=72"},"modified":"2021-05-16T15:39:17","modified_gmt":"2021-05-16T13:39:17","slug":"uber-mich","status":"publish","type":"page","link":"https:\/\/www.ro.vet\/?page_id=72","title":{"rendered":"\u00dcber mich"},"content":{"rendered":"<div class=\"fusion-fullwidth fullwidth-box fusion-builder-row-1 fusion-flex-container nonhundred-percent-fullwidth non-hundred-percent-height-scrolling\" style=\"--awb-border-radius-top-left:0px;--awb-border-radius-top-right:0px;--awb-border-radius-bottom-right:0px;--awb-border-radius-bottom-left:0px;--awb-padding-right:0px;--awb-flex-wrap:wrap;\" ><div class=\"fusion-builder-row fusion-row fusion-flex-align-items-flex-start fusion-flex-content-wrap\" style=\"max-width:1248px;margin-left: calc(-4% \/ 2 );margin-right: calc(-4% \/ 2 );\"><div class=\"fusion-layout-column fusion_builder_column fusion-builder-column-0 fusion_builder_column_1_1 1_1 fusion-flex-column\" style=\"--awb-bg-size:cover;--awb-width-large:100%;--awb-margin-top-large:0px;--awb-spacing-right-large:1.92%;--awb-margin-bottom-large:0px;--awb-spacing-left-large:1.92%;--awb-width-medium:100%;--awb-spacing-right-medium:1.92%;--awb-spacing-left-medium:1.92%;--awb-width-small:100%;--awb-spacing-right-small:1.92%;--awb-spacing-left-small:1.92%;\"><div class=\"fusion-column-wrapper fusion-flex-justify-content-flex-start fusion-content-layout-column\"><div class=\"fusion-text fusion-text-1\"><\/p>\n<\/p>\n<div class=\"wp-block-image\">\n<figure class=\"alignright size-large is-resized\"><img decoding=\"async\" class=\"lazyload alignnone wp-image-194\" src=\"https:\/\/www.ro.vet\/wp-content\/uploads\/2021\/02\/CIMG1745-768x1024.jpg\" data-orig-src=\"https:\/\/www.ro.vet\/wp-content\/uploads\/2021\/02\/CIMG1745-768x1024.jpg\" alt=\"\" width=\"345\" height=\"460\" srcset=\"data:image\/svg+xml,%3Csvg%20xmlns%3D%27http%3A%2F%2Fwww.w3.org%2F2000%2Fsvg%27%20width%3D%27345%27%20height%3D%27460%27%20viewBox%3D%270%200%20345%20460%27%3E%3Crect%20width%3D%27345%27%20height%3D%27460%27%20fill-opacity%3D%220%22%2F%3E%3C%2Fsvg%3E\" data-srcset=\"https:\/\/www.ro.vet\/wp-content\/uploads\/2021\/02\/CIMG1745-225x300.jpg 225w, https:\/\/www.ro.vet\/wp-content\/uploads\/2021\/02\/CIMG1745-350x466.jpg 350w, https:\/\/www.ro.vet\/wp-content\/uploads\/2021\/02\/CIMG1745-440x587.jpg 440w, https:\/\/www.ro.vet\/wp-content\/uploads\/2021\/02\/CIMG1745-768x1024.jpg 768w, https:\/\/www.ro.vet\/wp-content\/uploads\/2021\/02\/CIMG1745-1152x1536.jpg 1152w, https:\/\/www.ro.vet\/wp-content\/uploads\/2021\/02\/CIMG1745-1536x2048.jpg 1536w, https:\/\/www.ro.vet\/wp-content\/uploads\/2021\/02\/CIMG1745-scaled.jpg 1920w\" data-sizes=\"auto\" data-orig-sizes=\"(max-width: 345px) 100vw, 345px\" \/><\/figure>\n<\/div>\n<\/p>\n<p style=\"font-size: 18px;\" data-fusion-font=\"true\">Schon als Kind haben Tiere mein Leben bestimmt. Mein erstes Haustier, ein Hamster namens Chipsy, bekam ich im Alter von 10 Jahren. Seither war ich nie mehr ohne ein Haustier. Es folgten ein weiterer Hamster, ein Kaninchen, Meerschweinchen und schlie\u00dflich ein Pferd und Katzen. Mit meiner Vollblutstute Sunny erf\u00fcllte ich mir einen Herzenswunsch. Sie begleitet mich nun seit \u00fcber 20 Jahren, wir haben in dieser Zeit sehr viel erlebt und sind gemeinsam durch viele H\u00f6hen und Tiefen gegangen. Sie hat meinen Wunsch, den ich seit Kindheitstagen in mir getragen habe, n\u00e4mlich meine Liebe zu Tieren zum Beruf zu machen und Tier\u00e4rztin zu werden, immer wieder best\u00e4tigt und mehr und mehr verst\u00e4rkt.<\/p>\n<\/p>\n<p style=\"font-size: 18px;\" data-fusion-font=\"true\">Sie hat meine Denkweise und die Art der Tiermedizin, die ich machen m\u00f6chte, stark gepr\u00e4gt. Als ehemaliges Rennpferd hat sie bereits ihr Leben lang k\u00f6rperliche Probleme gehabt, sodass ich mich schon sehr fr\u00fch f\u00fcr Physiotherapie interessiert habe. Sie hat mir gezeigt, dass man sein Handeln immer wieder anpassen und auch mal den Mut haben muss was ganz Anderes auszuprobieren, um gesundheitliche Probleme zu l\u00f6sen. Au\u00dferdem hat sie mich gelehrt, dass es oft viel Geduld und Durchhalteverm\u00f6gen bedarf, um grundlegende und anhaltende Erfolge zu erzielen.<\/p>\n<\/p>\n<p style=\"font-size: 18px;\" data-fusion-font=\"true\">Mein beruflicher Werdegang entsprach bis vor Kurzem noch dem klassischen Weg. Nach dem Abitur und l\u00e4ngerer Wartezeit auf einen Studienplatz absolvierte ich das Tiermedizinstudium an der LMU in M\u00fcnchen. Anschlie\u00dfend fertigte ich meine Doktorarbeit an und hatte schlie\u00dflich Anstellungen als Assistenztier\u00e4rztin und Hospitationen in verschiedenen Kleintierpraxen.<\/p>\n<\/p>\n<p style=\"font-size: 18px;\" data-fusion-font=\"true\">\u00dcber all die Jahre stellte sich bei mir aber keine Zufriedenheit ein, was die therapeutischen M\u00f6glichkeiten anbelangte. Es gab immer wieder F\u00e4lle, die nicht zufriedenstellend zu therapieren und seitens der Schulmedizin austherapiert waren. Gerade f\u00fcr \u00e4ltere Patienten mit chronischen, arthrotischen Beschwerden bietet die Physiotherapie sowie die Komplement\u00e4rmedizin viele alternative M\u00f6glichkeiten, um den Schmerz zu lindern und den regelm\u00e4\u00dfigen Einsatz von sog. NSAIDs (Nichtsteroidale Antiphlogistika) zu minimieren oder hinauszuz\u00f6gern. Es gibt unter diesen Patienten einige, die die NSAIDs auch gar nicht gut vertragen und auf die Gabe z.B. mit Magenproblemen und Inappetenz reagieren. Es schwelte stets der Wunsch in mir, neben der klassischen Schulmedizin auch Kenntnisse und F\u00e4higkeiten in der Komplement\u00e4rmedizin zu erlangen, da ich hiermit im privaten Bereich, sowohl bei mir als auch bei meinen Tieren, erstaunlich positive Ergebnisse erlebt habe. Deshalb machte ich 2017 den Schritt und begann eine Ausbildung zur Tierphysiotherapeutin f\u00fcr Hund, Katze und Pferd bei der Akademie f\u00fcr Tiernaturheilkunde (ATM). Dies war aber nur der erste Schritt, der mich befl\u00fcgelte, einen ganz andere Art Tierarztpraxis aufbauen zu wollen.<\/p>\n<p><!-- \/wp:post-content --><\/p>\n<p style=\"font-size: 18px;\" data-fusion-font=\"true\">Es ist mir ein gro\u00dfes Anliegen, Ihre Tiere umfassend therapieren zu k\u00f6nnen. Neben st\u00e4ndigen Fortbildungen in schulmedizinischen Thematiken, bilde ich mich derzeit noch am Deutschen Institut f\u00fcr Pferdeosteopathie (DIPO) als Pferdeosteotherapeutin weiter. Au\u00dferdem absolviere ich momentan auch zertifizierte Studieng\u00e4nge bei chW (c.hinterseher Wissen) in Phythoparmakognosie (Pflanzenheilkunde), Mycotherapie (Therapien mit Vitalpilzen) und Heilerden.<\/p>\n<p><!-- \/wp:paragraph --><\/p>\n<p style=\"font-size: 18px;\" data-fusion-font=\"true\">Zuk\u00fcnftig sind auch noch weiter Qualifizierungen geplant, um umfangreiche Therapiem\u00f6glichkeiten anbieten zu k\u00f6nnen.<\/p>\n<p><!-- \/wp:paragraph --><\/p>\n<p style=\"font-size: 18px;\" data-fusion-font=\"true\"><img decoding=\"async\" class=\"lazyload alignleft size-fusion-400 wp-image-492\" src=\"https:\/\/www.ro.vet\/wp-content\/uploads\/2021\/05\/DSC_0393-1-400x486.jpg\" data-orig-src=\"https:\/\/www.ro.vet\/wp-content\/uploads\/2021\/05\/DSC_0393-1-400x486.jpg\" alt=\"\" width=\"400\" height=\"486\" srcset=\"data:image\/svg+xml,%3Csvg%20xmlns%3D%27http%3A%2F%2Fwww.w3.org%2F2000%2Fsvg%27%20width%3D%27400%27%20height%3D%27486%27%20viewBox%3D%270%200%20400%20486%27%3E%3Crect%20width%3D%27400%27%20height%3D%27486%27%20fill-opacity%3D%220%22%2F%3E%3C%2Fsvg%3E\" data-srcset=\"https:\/\/www.ro.vet\/wp-content\/uploads\/2021\/05\/DSC_0393-1-200x243.jpg 200w, https:\/\/www.ro.vet\/wp-content\/uploads\/2021\/05\/DSC_0393-1-247x300.jpg 247w, https:\/\/www.ro.vet\/wp-content\/uploads\/2021\/05\/DSC_0393-1-400x486.jpg 400w, https:\/\/www.ro.vet\/wp-content\/uploads\/2021\/05\/DSC_0393-1-600x729.jpg 600w, https:\/\/www.ro.vet\/wp-content\/uploads\/2021\/05\/DSC_0393-1-768x934.jpg 768w, https:\/\/www.ro.vet\/wp-content\/uploads\/2021\/05\/DSC_0393-1-800x973.jpg 800w, https:\/\/www.ro.vet\/wp-content\/uploads\/2021\/05\/DSC_0393-1-842x1024.jpg 842w, https:\/\/www.ro.vet\/wp-content\/uploads\/2021\/05\/DSC_0393-1-1200x1459.jpg 1200w, https:\/\/www.ro.vet\/wp-content\/uploads\/2021\/05\/DSC_0393-1-1263x1536.jpg 1263w, https:\/\/www.ro.vet\/wp-content\/uploads\/2021\/05\/DSC_0393-1-1685x2048.jpg 1685w\" data-sizes=\"auto\" data-orig-sizes=\"(max-width: 400px) 100vw, 400px\" \/>Ich bin davon \u00fcberzeugt, dass das Zusammenspiel von Schulmedizin und Komplement\u00e4rmedizin die besten therapeutischen Erfolge erzielt. Meine eigenen Tiere beweisen das jeden Tag. Ohne die alternativen M\u00f6glichkeiten der Physio- und Osteotherapie sowie der komplement\u00e4ren Medikationen, h\u00e4tte ich die k\u00f6rperlichen Beschwerden und Magenproblem meiner mittlerweile 27-j\u00e4hrigen Stute nicht in den Griff bekommen. Unsere 15 Jahre alte Malinois-H\u00fcndin, die zusammen mit meinem Mann, einer weiteren H\u00fcndin und einem Pferd, vor 4<span style=\"background-color: rgba(255, 255, 255, 0); color: var(--body_typography-color); font-family: var(--body_typography-font-family); font-style: var(--body_typography-font-style,normal); font-weight: var(--body_typography-font-weight); letter-spacing: var(--body_typography-letter-spacing);\"> Jahren in mein Leben getreten ist, hat durch die Kombination aus Physiotherapie sowie schul- und komplement\u00e4rmedizinischer Behandlungen trotz hochgradiger H\u00fcftgelenksdysplasie auch in diesem hohen Alter noch eine gute Lebensqualit\u00e4t und geht noch gerne, wenn auch nicht mehr allzu weit, spazieren und patrouilliert am Gartenzaun, um \u201eEindringlinge\u201c fern zu halten.<\/span><\/p>\n<p><!-- \/wp:paragraph --><\/p>\n<p style=\"font-size: 18px;\" data-fusion-font=\"true\">Meine Erfahrungen und F\u00e4higkeiten m\u00f6chte ich auch Ihren Lieblingen, egal ob Hund, Katze oder Pferd zuteilwerden lassen. Eine enge Zusammenarbeit mit Ihren Haustier\u00e4rzten ist mir dabei sehr wichtig.<\/p>\n<p><!-- \/wp:paragraph --><\/p>\n<p style=\"font-size: 18px;\" data-fusion-font=\"true\">Meine oberste Priorit\u00e4t ist es, Ihren Tieren ein langes, schmerzfreies Leben mit Lebensqualit\u00e4t und Bewegungsfreude bis ins hohe Alter zu erm\u00f6glichen.<\/p>\n<p><!-- \/wp:paragraph --><\/p>\n<\/div><\/div><\/div><\/div><\/div>","protected":false},"excerpt":{"rendered":"","protected":false},"author":1,"featured_media":0,"parent":0,"menu_order":0,"comment_status":"closed","ping_status":"closed","template":"","meta":{"footnotes":""},"class_list":["post-72","page","type-page","status-publish","hentry"],"_links":{"self":[{"href":"https:\/\/www.ro.vet\/index.php?rest_route=\/wp\/v2\/pages\/72","targetHints":{"allow":["GET"]}}],"collection":[{"href":"https:\/\/www.ro.vet\/index.php?rest_route=\/wp\/v2\/pages"}],"about":[{"href":"https:\/\/www.ro.vet\/index.php?rest_route=\/wp\/v2\/types\/page"}],"author":[{"embeddable":true,"href":"https:\/\/www.ro.vet\/index.php?rest_route=\/wp\/v2\/users\/1"}],"replies":[{"embeddable":true,"href":"https:\/\/www.ro.vet\/index.php?rest_route=%2Fwp%2Fv2%2Fcomments&post=72"}],"version-history":[{"count":10,"href":"https:\/\/www.ro.vet\/index.php?rest_route=\/wp\/v2\/pages\/72\/revisions"}],"predecessor-version":[{"id":493,"href":"https:\/\/www.ro.vet\/index.php?rest_route=\/wp\/v2\/pages\/72\/revisions\/493"}],"wp:attachment":[{"href":"https:\/\/www.ro.vet\/index.php?rest_route=%2Fwp%2Fv2%2Fmedia&parent=72"}],"curies":[{"name":"wp","href":"https:\/\/api.w.org\/{rel}","templated":true}]}}